nder when 125 is divided by y?
23
Let j = 23064 - 22736. What is the remainder when 1973 is divided by j?
5
Let x(u) = -u**3 - 6*u**2 - u + 3. Let g be (5/2 + -2)/(2/(-20)). What is the remainder when ((-1336)/10)/(-4) + 2/g is divided by x(-6)?
6
Let b = 130 + -122. Suppose -15*p + 378 = -b*p. Calculate the remainder when p is divided by 7.
5
Suppose 1212*c + 61696 = 1220*c. What is the remainder when c is divided by 14?
12
Suppose 0 = 9*o + 263 - 884. Let d = -193 - -212. What is the remainder when o is divided by d?
12
Let w(u) = -u**2 - u - 1. Let p(m) = 3*m**2 - 19*m - 21. Let r(q) = p(q) + 2*w(q). What is the remainder when 95 is divided by r(24)?
46
Calculate the remainder when (-10114)/(-260) - (-3)/30 is divided by 1.
0
Suppose 105*w - 110*w = 135. Let l = 25 - w. Calculate the remainder when 101 is divided by l.
49
Let z(u) = -u**3 + 10*u**2 - 13*u + 5. Suppose -3*d - 336 = -4*t + 356, -502 = -3*t - 2*d. What is the remainder when t is divided by z(8)?
25
Suppose -3*n = 4*b - 2*n - 164, 100 = 2*b - 4*n. What is the remainder when b is divided by 13 + (7 - 7 - -2)?
12
Let w = -80 - -230. What is the remainder when w is divided by 81?
69
Calculate the remainder when 5*((-836)/(-20) + -4) is divided by 92.
5
Let n(m) = m**3 - 9*m**2 + m + 1. Let l be n(8). Let r = l + 70. What is the remainder when 71 is divided by (5/15)/((r/(-162))/(-5))?
17
Suppose 0 = -4*i + 5*g + 136, 2*g = -2*i + i + 21. Suppose 1 - i = -2*j. Calculate the remainder when 55 is divided by j.
13
Let z(s) = -2*s**3 + 20*s**2 + 439*s - 3586. Calculate the remainder when z(8) is divided by 37.
34
Let i be (2 - 14/5)/((-6)/15). Suppose 0 = -5*m - v + 91 + 15, -i*m + 4*v + 60 = 0. What is the remainder when 103 is divided by m?
15
Let b = -209 - -1468. What is the remainder when b is divided by 63?
62
Let g = -31 - -129. Let i(t) = -t**3 + 21*t**2 - t + 19. Let o be i(21). Calculate the remainder when g is divided by 1/(-3)*-77 + o/3.
23
Suppose 0*v = -v - 4. Let k = -1 - v. Let q = 9 + k. What is the remainder when 33 is divided by q?
9
Let u be 17/3 - (-6)/18. Let q(a) = -a**2 + 9*a - 9. Let j be q(u). Let g = j + 24. Calculate the remainder when 130 is divided by g.
31
Suppose 0 = -2*a - 2*i + 40, -5*a + 79 = 3*i - 5*i. What is the remainder when ((-35525)/(-700))/(14/32) is divided by a?
14
Let p(o) = -18*o**3 - 3*o**2. Suppose -2*n = 4*z - 186, -17*z + 14*z = 4*n - 137. Calculate the remainder when p(-2) is divided by z.
38
Suppose -4*v + 129 - 900 = -u, -3*u - 3 = 0. Let h = v + 384. Calculate the remainder when h is divided by 16.
15
Suppose 0*g + 3*g = 12*f + 15, -g = -f - 17. What is the remainder when 292 is divided by g?
19
Let k be 564/44 - (-4)/22. Suppose -4*m + k = -3. Suppose 2*q = 2*p + 3*q - 17, m*p = -4*q + 36. Calculate the remainder when 12 is divided by p.
4
Suppose 6*m + 0*m = 24. Suppose -4*p + 200 = m*p. Suppose -p = 12*b - 17*b. Calculate the remainder when 6 is divided by b.
1
Calculate the remainder when (3011 - -2) + -11 + 3 is divided by 18.
17
Suppose 5*p = 3*g + 9888, 3576 = 5*p + 2*g - 6282. What is the remainder when p is divided by 32?
22
Let j be (-15)/2*(-6 + 410/25). Let p = 89 + j. Let o = -4 - -9. Calculate the remainder when p is divided by o.
1
Suppose 0 = 35*y - 1135 - 4363 + 773. What is the remainder when 315 is divided by y?
45
Suppose 6900 = 172*m - 1528. Calculate the remainder when 2251 is divided by m.
46
Let o(l) = -34*l**2 - 697*l + 85. What is the remainder when o(-20) is divided by 91?
61
Suppose 3*h = 12, -g - 2*h - 8 = 3*g. What is the remainder when 23 is divided by 14/g*60/(-14)?
8
Suppose 3*p + g - 54 = 2493, -4229 = -5*p + g. What is the remainder when p is divided by 417?
13
Let y(x) = -x**3 - 3*x**2 - 4*x - 5. Let j be y(-3). Calculate the remainder when 4692/84 + 1/j is divided by 12.
8
Suppose 4*i = -4*y + 272, 146 = 3*y + 5*i - 66. Suppose -n + 14 = -p + 5*p, 2*p - 84 = -4*n. Calculate the remainder when y is divided by n.
20
Let s = -8140 + 8646. Calculate the remainder when s is divided by 506.
0
Suppose -3*r - h + 120 = 0, r + 10 - 54 = h. Calculate the remainder when (-4 - -2)/2*-53 is divided by r.
12
Let r = -546 - -389. Let x = 84 - r. Calculate the remainder when x is divided by 9.
7
Suppose 11*n - 308 = 7*n. What is the remainder when 447 is divided by n?
62
Suppose -3*b = -7*b - 52. Let v = b - -34. Suppose -l + 32 = m, -3*l - m + v + 81 = 0. Calculate the remainder when 69 is divided by l.
34
Let o be 20/12*(10 - 3 - 4). Calculate the remainder when ((-2)/(-4))/(o/1910) is divided by 24.
23
Let c = 20012 + -19928. Calculate the remainder when c is divided by 2.
0
Let q(s) = 121*s**2 + s. Let f(h) = 4*h - 25. Let a be f(20). Suppose -6*y + 5*y = -3*d + 80, -y = -2*d + a. Calculate the remainder when q(1) is divided by d.
22
Suppose -3*u + 25 = b, 4*u - 9 = 3*b - 32. Suppose 5 - 1084 = -b*m. Calculate the remainder when m is divided by 21.
20
Suppose 24*w = -989 - 931. Calculate the remainder when 64 is divided by w/(-6)*(-18)/(-24)*1.
4
Let i = -353 + 189. Let b = 178 + i. Calculate the remainder when 26 is divided by b.
12
Suppose 8*u + 76 = -20. Let r be ((-1)/3 + 1)/(u/(-54)). Suppose 2*o - 20 = f, 2*f - 20 = -r*o + o. Calculate the remainder when 36 is divided by o.
6
Let u = -778 + 793. What is the remainder when 734 is divided by u?
14
Suppose -4*h + 191 = z, 65*z - 66*z = -5*h - 137. What is the remainder when z is divided by 45?
32
Let u be 1/3*(0/3)/(-6). Suppose -5*n + n - 360 = -2*l, 4*l + n - 693 = u. What is the remainder when l is divided by 16?
14
Suppose 572*n - 569*n = 4*v - 947, 4*v - n - 945 = 0. Calculate the remainder when v is divided by 66.
38
Suppose 5*a = -y + a + 76, -304 = -4*y - 5*a. Let o = -186 - -194. Calculate the remainder when y is divided by 37 + (o - (-4 - -10)).
37
Suppose 22*d - 200 = 2*d. Suppose v + 12 = -0*v. Let h = v + 50. Calculate the remainder when h is divided by d.
8
Let w(f) = 930*f - 40. Let k be w(2). Suppose k = 12*c + c. Calculate the remainder when c is divided by 48.
44
Let t(u) = -u**3 + 5*u**2 + 19*u - 28. Let w be (-5670)/(-882) - 4/(-7). Let l(z) = -12*z + 1. What is the remainder when l(-2) is divided by t(w)?
4
Let j = 119 - -40. What is the remainder when j - -1*(3 - 3) - 0 is divided by 18?
15
Suppose -8*h + 118 = -6*h. Let a = 10895 - 10424. Calculate the remainder when a is divided by h.
58
Let i(j) be the first derivative of j**2/2 + 30*j - 296. Let z = 16 - 26. What is the remainder when 59 is divided by i(z)?
19
Let z = -11 + 3. Let b be ((270/4)/3)/(z/(-64)). Suppose 2*y + 322 = 2*d - 34, -d = y - b. What is the remainder when d is divided by 26?
23
What is the remainder when (20 + 1675/(-50))/(1/(-106)) is divided by 103?
92
Suppose 34*t = 184 + 156. Let y(q) = -4*q - 25. What is the remainder when t is divided by y(-8)?
3
Suppose 4*r = 5*i - 8116, -74*i - 4*r = -71*i - 4812. What is the remainder when i is divided by 422?
350
Let t = 2148 - 2107. Calculate the remainder when 191 is divided by t.
27
Let k(l) = -8*l. Let b be k(7). Suppose 0 = 11*i - 8*i - 234. Let c = i + b. What is the remainder when 130 is divided by c?
20
Let c(q) = -q + 5. Suppose 0 = -0*v - 10*v + 20. Let o be c(v). Suppose 1 + 14 = o*r. What is the remainder when 8 is divided by r?
3
Let n(j) = j**3 + 5*j**2 - 3*j. Suppose 0 = 2*o + 20, 127*w - 131*w + 0*o = -3*o - 1370. What is the remainder when w is divided by n(-4)?
27
Suppose -69*w - 2495 = -9395. Calculate the remainder when 4897 is divided by w.
97
Let x be ((-8)/2 - 296/6)*6. Calculate the remainder when 2*-2 + 2 + 2 - x is divided by 19.
16
Suppose -82*t + 88*t - 36 = 0. Suppose -287 = -t*i + 133. What is the remainder when i is divided by 29?
12
Let t(v) = -3 - 3*v**3 - 11*v**2 + 7*v**2 + 24*v**3 - v + 6*v**2. Let u be t(-1). Let m = 9 - u. What is the remainder when 56 is divided by m?
26
Let b(h) = h**3 - 12*h**2 - 7*h - 12. Let x be b(13). Suppose 2*p = 3*p - x. Calculate the remainder when (-2 - (-1 + -2))/(1/p) is divided by 17.
15
What is the remainder when 930/(-124)*5754/(-9) is divided by 109?
108
Let x(c) = 5354*c**2 + 2. Let n be x(1). Suppose -n = -19*s - 7*s. Calculate the remainder when s is divided by 4.
2
Let h(z) = z**3 + z**2 - z + 13. Let o = -314 - -266. Let q(x) = -x**2 